ds digit of x?
6
Let z(a) = -a**2 + a - 37*a + 45 - 108. What is the hundreds digit of z(-23)?
2
Let k = 7 - -12. Suppose 2*n + 3 = k. Suppose -130 = -n*y + 3*y. What is the units digit of y?
6
Let t be (272/40)/(4/10). Let z = -12 + t. Suppose -z*b = m + 14, 2*m = 3*m - 3*b - 10. What is the units digit of m?
1
Let g(y) = 6*y**2 - 3*y**2 - 2*y**2 - 5*y + 11. Let h be g(10). Suppose 0 = 2*v - 25 - h. What is the tens digit of v?
4
Let b = 207 - 187. What is the tens digit of b?
2
Let d be (-25 + 138)/(0 - -1). Suppose -v = -161 - d. What is the tens digit of v?
7
Let l(c) be the first derivative of 2*c**3/3 + 7*c**2/2 - c - 2. What is the tens digit of l(-5)?
1
Let d = 15 - 6. Let r = 13 - d. Suppose 2*c - 6 = r, 5*c = 5*t - 135. What is the units digit of t?
2
Let h(d) = 528*d - 15. What is the hundreds digit of h(1)?
5
Let i be (1 - -2) + 3 + -4. Suppose t + i*r = -2*t - 80, 0 = -3*t + 5*r - 115. What is the tens digit of (-1075)/t - (-2)/12?
3
Let m be 3/6*(7 + -1). Suppose m*h - 9 - 44 = -4*b, -b + h + 22 = 0. Let i = 24 - b. What is the units digit of i?
7
Let i(h) = 3*h**2 + 6*h - 1. Suppose 8*f + 65 - 17 = 0. What is the tens digit of i(f)?
7
Let v(o) = 2*o**3 - 2*o**2 - 5*o + 3. Suppose 4*z = -3*k + 21, 6 = -k + 2*z + z. What is the units digit of v(k)?
4
Suppose 3*a - 14 = 2*l - 1, -l + 21 = 4*a. Suppose -4*r = -4*v + 36, -4*v - 4*r = -7 - a. What is the units digit of v?
6
Let j be (51/(-4))/(3 + (-23)/8). Let c = -56 - j. What is the tens digit of c?
4
Let j be (-6)/3 - (0 - -1 - -171). Let p = 254 + j. What is the units digit of p?
0
Let p = 83 - 78. Suppose 86 = 2*m - 4*d, 4*m + 25 = p*d + 188. What is the tens digit of m?
3
Let s(y) = y**2 - 9*y - 5. Let d be s(10). Suppose -o + 3*o = 3*f + 2, o + 6 = d*f. Suppose 2*x + f*n = 104, 3*x - n - 144 = 32. What is the tens digit of x?
5
Let y be 0/(-2) + -3 + 6. Suppose 0 = f - y - 7. Suppose f = -5*t + 5*i, 4*i = -4*t + 37 - 13. What is the units digit of t?
2
Suppose 15*t - 5496 = 1359. What is the units digit of t?
7
Suppose 5*a - 5*c = a + 72, 123 = 5*a + 2*c. Suppose -2*v = -a - 65. What is the tens digit of v?
4
Suppose 4*d = x + 382, -3*x + 0*x + 486 = 5*d. What is the tens digit of d?
9
Suppose 2*g + 2*y - 16 = -0*y, -1 = -2*g + y. Suppose -g*x + 6 = -6. What is the units digit of x?
4
Let h(z) = -29*z - 29. What is the units digit of h(-21)?
0
Let s be 1/2*(5 - -1). Suppose 4*x = 5 + s. What is the tens digit of (-68)/x*(-6)/4?
5
Let d = 37 - 37. Suppose 5*k - 163 - 102 = d. What is the units digit of k?
3
Suppose -3*z - 4*c + 720 = 0, 705 = 3*z + 5*c - 6*c. What is the tens digit of z?
3
Let q be 0 + -1 + (1 - -3). Suppose q*b - 100 = -b. What is the tens digit of b?
2
Let b = 16 + -14. Suppose 6*w - 300 = b*w. Suppose g = -4*g + w. What is the units digit of g?
5
What is the tens digit of (14*32/(-168))/((-4)/1086)?
2
Let r = -3 + 2. Let k be (-3)/(1*(r + 0)). Suppose -52 = -k*v + v. What is the units digit of v?
6
Let s = 183 + 1106. What is the hundreds digit of s?
2
Suppose -506 = -2*c - 418. What is the tens digit of c?
4
Let r = 34 - -3. Let u = 54 - 49. Suppose u*p - r = 103. What is the tens digit of p?
2
Suppose 4*h = h - 9. Let g(k) = -9*k**3 - 5*k**2 - 11*k - 7. Let d(z) = -5*z**3 - 2*z**2 - 6*z - 4. Let r(o) = 7*d(o) - 4*g(o). What is the units digit of r(h)?
1
Let v be 5/(-1)*(-126)/15. Suppose -3*h + v = -0*h. Suppose 5*d = 81 + h. What is the units digit of d?
9
Suppose -13 - 104 = -w + 4*m, -5*w + 602 = -3*m. What is the tens digit of w?
2
Suppose -3*x + d - 4965 + 14256 = 0, -4*d = 0. What is the thousands digit of x?
3
Let m = -158 - -270. What is the units digit of m?
2
Let n = 14 + -12. Suppose 28 = r - 4*o - o, -n*r - 4*o = 0. What is the units digit of r?
8
Let s(n) = -4*n + 23. Let j be s(6). What is the tens digit of (51/(-5) + j)/((-33)/165)?
5
Let z(j) = 3*j**2 + 2*j + 12. Let o(l) = l**2 - l + 1. Let d(h) = -2*o(h) + z(h). What is the units digit of d(-4)?
0
Suppose 68 = 4*w - 4*j, 31 = -4*w + 6*w - j. Let v be (12/(-14))/((-4)/w). Let f = 23 - v. What is the tens digit of f?
2
Let s(c) = 55*c**2 + c + 4. Let j(o) = -56*o**2 - o - 5. Let p(h) = 3*j(h) + 4*s(h). What is the units digit of p(-1)?
2
Let t = -1568 - -3049. What is the tens digit of t?
8
Let i(z) = -z**3 - 14*z**2 + z - 51. What is the hundreds digit of i(-16)?
4
Suppose d + 1 - 18 = 2*m, 4*d - 4*m = 80. What is the units digit of d?
3
Let u(p) = p**2 + 8*p + 3. Let f be u(-7). Let z(n) = n**3 + 3*n**2 - 5*n - 1. Let j be z(f). What is the units digit of 2 + (j - (2 - 0))?
3
Let p = -195 - -414. Suppose -221*y = -p*y - 436. What is the hundreds digit of y?
2
Let l(u) = 531*u**2 - 3*u + 2. Let p be l(1). Suppose 2*t - 2*x = 53 + 159, 4*x = 5*t - p. What is the units digit of t?
6
Let v = 5499 - 3288. What is the hundreds digit of v?
2
Suppose 17*u - 2024 = -86. What is the units digit of u?
4
Let h(y) = -y**3 - y**2 + 8*y - 7. Let f be h(3). Let m(n) = -7*n - 55. What is the units digit of m(f)?
8
Let r(t) be the second derivative of -t**5/20 + 13*t**4/12 - 7*t**3/6 + 15*t**2/2 - 35*t. What is the hundreds digit of r(6)?
2
Let q(r) = r**2 + 3*r. Let o be q(-8). Let j be ((-2)/4)/((-4)/o). Suppose -j*b = -5*z - 30, 54 = 4*b + b + z. What is the units digit of b?
0
Let c(k) be the third derivative of -k**6/120 + k**5/30 + k**4/8 - k**3/3 - 9*k**2. What is the tens digit of c(-4)?
8
Let a be (4/(-3))/(2/12). Let g(f) = -6*f + 7*f - 2 - 5*f. What is the units digit of g(a)?
0
Let m(i) = -i + 2. Let z be m(2). Suppose 2*k = -5*c + 59, 0 = -z*c + 2*c + 5*k - 11. What is the tens digit of c?
1
Suppose 0*o = 5*o - 120. Suppose -4*t - 8*k + 4*k = -420, -3*t - k = -319. Suppose o = 4*r + 3*g - t, -4*g = -4. What is the tens digit of r?
3
Let u = 37 - 292. Let g = 363 + u. What is the hundreds digit of g?
1
Let b = -19 + 19. Suppose 5*j - 9*j + 8 = b. What is the units digit of j?
2
Suppose 1153 = 10*x - 5507. Suppose 2*w + n = 414, 5*w + 3*n - x = 370. What is the tens digit of w?
0
What is the tens digit of (21/(-5))/((-2)/(-5))*-6?
6
Let u = 6709 + -4605. Let a be 6 - 2 - u/1. What is the tens digit of (-2)/(-11) - a/66?
3
Let l(s) be the third derivative of s**5/60 + s**4/8 - 2*s**3 + 10*s**2. What is the units digit of l(-9)?
2
Let j = -25 + 27. Suppose 2*a + j*o - 94 = 0, 0 = a - 0*a + 3*o - 57. What is the tens digit of a?
4
Let s(r) = 2 + r - r**2 - 5 + 2*r**2. Let y be s(-3). Suppose 5*p + 2*w - 132 = -23, -5*p = y*w - 106. What is the tens digit of p?
2
Suppose -16740 = -381*j + 375*j. What is the units digit of j?
0
Suppose 3*b - 200 = 2*b. Suppose -5*h + 1250 = -b. What is the hundreds digit of h?
2
Suppose s + 5 = 8. Suppose 4*j + 12 = -4*t, 5*t = -7*j + s*j - 17. Let q(o) = o**2 - 5*o + 2. What is the units digit of q(t)?
2
Let p(u) = u**2 - 26*u - 257. What is the hundreds digit of p(-27)?
1
Let i = 1155 + -629. What is the tens digit of i?
2
Let y = -187 - -179. Suppose 0 = b - 0*b + 1. Let x = b - y. What is the units digit of x?
7
Let h be (-4)/(-26) - 1260/(-260). Suppose 0 = -2*m - r + 15, -h*m + 4*r = -r. What is the units digit of m?
5
Let n = -5047 - -8685. What is the thousands digit of n?
3
What is the hundreds digit of 42/189 - 29260/(-36)?
8
Suppose -u + 0*u + 297 = 3*a, -5*a + 2*u + 495 = 0. What is the units digit of a?
9
Let y(r) = -109 + r - 7*r + r + 79. Suppose 4*o = o - 45. What is the tens digit of y(o)?
4
Let r be -142 + 1*(-1 - 1). Let t be 5*(r/10)/(-2). Suppose i = -3*i + t. What is the units digit of i?
9
Let u(o) = o**3 - 4*o + 3. Let p = 5 + -3. Let d be u(p). Suppose 4*v + d*a - 132 = 0, 4*v = 2*a + a + 156. What is the tens digit of v?
3
Let r(m) = 33*m**2 + m + 5. Let z be r(3). Suppose 5*g - 10*g + z = 0. What is the units digit of g?
1
Let h = 30 + -23. Suppose h*w + 640 = 15*w. What is the tens digit of w?
8
Let r(n) = -10*n. Let f be (2 - (-3)/3)/(-1). Let l be r(f). What is the tens digit of 4/l + 193/15?
1
Let i(t) = t**2 + t + 368. Let q be i(0). Suppose -q + 110 = -3*a. What is the units digit of a?
6
Let i be (-1 - (2 + -2)) + 5. Let g(z) = z + 1. Let v be g(3). Suppose -l = v*l - 2*h - 139, -i*h = -l + 35. What is the tens digit of l?
2
Let k = 4051 - 1130. What is the units digit of k?
1
What is the units digit of (-3)/((-4)/876*1)?
7
Let 